s divided by 75.
57
What is the remainder when 99 is divided by 57?
42
What is the remainder when 100 is divided by 22?
12
Calculate the remainder when 50 is divided by 30.
20
What is the remainder when 50 is divided by 11?
6
Calculate the remainder when 995 is divided by 147.
113
What is the remainder when 1261 is divided by 249?
16
What is the remainder when 4500 is divided by 19?
16
What is the remainder when 1309 is divided by 222?
199
What is the remainder when 794 is divided by 3?
2
What is the remainder when 944 is divided by 63?
62
What is the remainder when 1017 is divided by 335?
12
What is the remainder when 156 is divided by 30?
6
What is the remainder when 1243 is divided by 5?
3
What is the remainder when 619 is divided by 27?
25
Calculate the remainder when 5854 is divided by 32.
30
What is the remainder when 5249 is divided by 26?
23
What is the remainder when 12192 is divided by 45?
42
What is the remainder when 1542 is divided by 391?
369
What is the remainder when 1384 is divided by 1379?
5
Calculate the remainder when 227 is divided by 17.
6
What is the remainder when 1313 is divided by 36?
17
Calculate the remainder when 68 is divided by 19.
11
Calculate the remainder when 1165 is divided by 448.
269
Calculate the remainder when 418 is divided by 105.
103
What is the remainder when 824 is divided by 69?
65
What is the remainder when 356 is divided by 48?
20
Calculate the remainder when 325 is divided by 89.
58
What is the remainder when 697 is divided by 231?
4
Calculate the remainder when 892 is divided by 22.
12
Calculate the remainder when 196 is divided by 5.
1
What is the remainder when 8578 is divided by 132?
130
What is the remainder when 460 is divided by 146?
22
Calculate the remainder when 173 is divided by 37.
25
What is the remainder when 1092 is divided by 542?
8
What is the remainder when 71 is divided by 28?
15
What is the remainder when 135 is divided by 61?
13
What is the remainder when 58 is divided by 3?
1
Calculate the remainder when 563 is divided by 114.
107
Calculate the remainder when 61 is divided by 21.
19
What is the remainder when 1109 is divided by 3?
2
Calculate the remainder when 1555 is divided by 13.
8
Calculate the remainder when 19979 is divided by 30.
29
What is the remainder when 299 is divided by 95?
14
Calculate the remainder when 877 is divided by 13.
6
What is the remainder when 14651 is divided by 132?
131
What is the remainder when 1629 is divided by 8?
5
Calculate the remainder when 2828 is divided by 128.
12
Calculate the remainder when 1016 is divided by 278.
182
What is the remainder when 198 is divided by 12?
6
Calculate the remainder when 47 is divided by 19.
9
What is the remainder when 85 is divided by 29?
27
Calculate the remainder when 767 is divided by 128.
127
Calculate the remainder when 897 is divided by 54.
33
What is the remainder when 25869 is divided by 11?
8
Calculate the remainder when 181 is divided by 84.
13
What is the remainder when 201 is divided by 8?
1
Calculate the remainder when 4 is divided by 3.
1
Calculate the remainder when 2293 is divided by 164.
161
What is the remainder when 155 is divided by 139?
16
Calculate the remainder when 2417 is divided by 55.
52
What is the remainder when 48 is divided by 13?
9
What is the remainder when 318 is divided by 19?
14
What is the remainder when 4017 is divided by 15?
12
What is the remainder when 105 is divided by 2?
1
What is the remainder when 542 is divided by 532?
10
What is the remainder when 244 is divided by 84?
76
What is the remainder when 676 is divided by 20?
16
What is the remainder when 114 is divided by 70?
44
Calculate the remainder when 2208 is divided by 366.
12
Calculate the remainder when 166 is divided by 14.
12
What is the remainder when 56 is divided by 48?
8
What is the remainder when 132 is divided by 19?
18
Calculate the remainder when 13430 is divided by 111.
110
What is the remainder when 3693 is divided by 56?
53
What is the remainder when 44 is divided by 9?
8
What is the remainder when 6076 is divided by 26?
18
What is the remainder when 2486 is divided by 28?
22
Calculate the remainder when 187 is divided by 47.
46
What is the remainder when 457 is divided by 76?
1
Calculate the remainder when 152 is divided by 45.
17
Calculate the remainder when 37222 is divided by 88.
86
Calculate the remainder when 59 is divided by 34.
25
What is the remainder when 1675 is divided by 32?
11
Calculate the remainder when 505 is divided by 244.
17
What is the remainder when 1057 is divided by 20?
17
Calculate the remainder when 759 is divided by 9.
3
Calculate the remainder when 620 is divided by 13.
9
Calculate the remainder when 280 is divided by 57.
52
What is the remainder when 162 is divided by 122?
40
What is the remainder when 138 is divided by 72?
66
What is the remainder when 72 is divided by 13?
7
What is the remainder when 13 is divided by 2?
1
Calculate the remainder when 2137 is divided by 119.
114
What is the remainder when 11093 is divided by 137?
133
What is the remainder when 214 is divided by 55?
49
What is the remainder when 404 is divided by 150?
104
Calculate the remainder when 194 is divided by 7.
5
What is the remainder when 123 is divided by 41?
0
What is the remainder when 209 is divided by 14?
13
Calculate the remainder when 651 is divided by 71.
12
Calculate the remainder when 154 is divided by 27.
19
What is the remainder when 558 is divided by 56?
54
Calculate the remainder when 812 is divided by 160.
12
What is the remainder when 76 is divided by 58?
18
Calculate the remainder when 54 is divided by 7.
5
Calculate the remainder when 1310 is divided by 8.
6
Calculate the remainder when 29 is divided by 8.
5
Calculate the remainder when 22 is divided by 4.
2
What is the remainder when 1449 is divided by 27?
18
What is the remainder when 449 is divided by 113?
110
What is the remainder when 1821 is divided by 51?
36
Calculate the remainder when 390 is divided by 81.
66
What is the remainder when 1076 is divided by 323?
107
What is the remainder when 906 is divided by 301?
3
Calculate the remainder when 57 is divided by 34.
23
What is the remainder when 68 is divided by 29?
10
What is the remainder when 35 is divided by 9?
8
What is the remainder when 668 is divided by 11?
8
Calculate the remainder when 335 is divided by 21.
20
Calculate the remainder when 159 is divided by 44.
27
What is the remainder when 206 is divided by 6?
2
What is the remainder when 69 is divided by 36?
33
Calculate the remainder when 8 is divided by 2.
0
What is the remainder when 303 is divided by 5?
3
Calculate the remainder when 431 is divided by 16.
15
Calculate the remainder when 1013 is divided by 78.
77
What is the remainder when 331 is divided by 37?
35
What is the remainder when 129 is divided by 77?
52
What is the remainder when 165 is divided by 59?
47
What is the remainder when 1254 is divided by 36?
30
What is the remainder when 1047 is divided by 18?
3
Calculate the remainder when 114 is divided by 52.
10
Calculate the remainder when 2141 is divided by 133.
13
Calculate the remainder when 430 is divided by 40.
30
Calculate the remainder when 78 is divided by 39.
0
What is the remainder when 2319 is divided by 27?
24
Calculate the remainder when 101 is divided by 12.
5
What is the remainder when 1742 is divided by 83?
82
Calculate the remainder when 69 is divided by 14.
13
What is the remainder when 110 is divided by 42?
26
Calculate the remainder when 69 is divided by 26.
17
Calculate the remainder when 69 is divided by 52.
17
What is the remainder when 180 is divided by 10?
0
What is the remainder when 110 is divided by 40?
30
Calculate the remainder when 845 is divided by 53.
50
What is the remainder when 468 is divided by 117?
0
What is the remainder when 610 is divided by 59?
20
Calculate the remainder when 106 is divided by 16.
10
Calculate the remainder when 1397 is divided by 33.
11
What is the remainder when 461 is divided by 236?
225
What is the remainder when 1221 is divided by 330?
231
What is the remainder when 298 is divided by 297?
1
What is the remainder when 467 is divided by 220?
27
What is the remainder when 15398 is divided by 59?
58
Calculate the remainder w